site?
True
Let w be (-14)/6 - (-2)/(-3). Suppose -8*k = -6*k - i - 56, 0 = -3*k + 2*i + 85. Is (191/w)/((-9)/k) a prime number?
True
Let o(d) = -3*d**3 + d**2 + 3*d - 7. Let q be -2*(2 - (-27)/(-6)). Let c be o(q). Let h = -49 - c. Is h a composite number?
False
Let u = -46 - -44. Is 1/(6/(-3585))*u/1 composite?
True
Suppose 0 = -3*w + 2*g + 2562, -2*w + g = -4*w + 1701. Suppose 0 = -6*d + 2*d + w. Is d prime?
False
Suppose 0 = -4*i + 3*y + 5 + 34, 0 = 4*i - 2*y - 38. Suppose -6*z = -i*z + 4155. Is z a prime number?
False
Let b(l) = l**2 - 7*l + 91. Is b(-36) prime?
False
Suppose -2*k + 8 = 5*l, 5*l + 3 = -5*k + 23. Suppose l = 2*p + 7 - 3. Is 58 + 2/p + 2 a prime number?
True
Suppose 0 = -2*c + 3*s - 6, c - s - 4*s + 17 = 0. Let h be 2/c + (-73640)/(-42). Let a = h - 1225. Is a a prime number?
False
Suppose -2*l = l - z - 10062, 3*z = -5*l + 16756. Is l prime?
False
Let q be (1 - -3) + (-4 - 0). Suppose -b - j + 1520 = q, -5*b + 11566 - 3950 = -3*j. Is b a prime number?
False
Suppose 0 = 4*d + s - 10, -4*s = -5*d - 7*s + 9. Suppose -7*b + d*b = -60. Let g = b - -104. Is g composite?
True
Suppose -72199 = -3*t - 2*y, t - 5*t = -3*y - 96254. Is t composite?
True
Let i = -3 - -7. Let g(s) = 3*s**2 - 7*s - 1. Is g(i) a prime number?
True
Suppose -49*k + 2571 = q - 48*k, 2567 = q + 3*k. Is q a composite number?
True
Let c(a) be the third derivative of a**6/120 - a**5/60 - a**4/24 + 89*a**3/6 + 9*a**2. Is c(0) a composite number?
False
Let s(c) = -3*c - 53. Let g be s(0). Let y = -34 - g. Is y a composite number?
False
Let s(u) = -513*u**2 - 3*u + 3. Let p be s(2). Let c = p - -3022. Is c composite?
False
Let y(h) = -16*h**3 + 7*h**2 + 13*h - 14. Let a(n) = 47*n**3 - 20*n**2 - 38*n + 41. Let z(f) = 6*a(f) + 17*y(f). Is z(5) composite?
True
Is 6/(150/185)*1585 composite?
True
Let b(r) = -9*r**2 + 3*r + 4. Let n be b(-3). Let t = n - -543. Is t prime?
True
Let d(t) = 39*t**2 - 11*t - 57. Is d(-4) prime?
False
Let x(n) = 6978*n**2 - 76*n - 229. Is x(-3) a prime number?
True
Let o(n) = n**3 - 4*n**2 - 5*n - 11. Let u be o(6). Suppose 0 = l - 6 - u. Is l a composite number?
False
Let f = 30 - 21. Let h(g) = 4*g**2 - 5*g - 5. Let y(r) = -11*r**2 + 15*r + 15. Let m(v) = -8*h(v) - 3*y(v). Is m(f) a prime number?
True
Suppose 5*b = -0*b + 100. Suppose h - 33 = b. Is h prime?
True
Is 34146/90 - (-4 - 44/(-10)) composite?
False
Suppose -5*k + 2*k = 27. Is -1*6/(-27) - 8161/k a prime number?
True
Let p = 0 + 2. Suppose -i + 5*n + 455 + 522 = 0, i = p*n + 971. Is i composite?
False
Suppose 8*a - 6*a + 107881 = 3*x, -2*a = 10. Is x composite?
True
Is 2/(-2)*(8 + -1511 + 2) a composite number?
True
Let w be (-4)/16*-4 + 2. Suppose p + b - 3 = 0, -w = -3*p - b + 4*b. Suppose p*a - 1647 + 473 = 0. Is a a prime number?
True
Is 0 - 12/(-18) - (-1309)/3 prime?
False
Suppose -14*w - 3710 = -7*w. Let r = w - -799. Is r prime?
True
Let z(c) = -c**2 - 4*c + 4. Let b be z(-4). Suppose b*m - 5 = 15. Suppose -2*d = 2*s + s - 67, -4*s - m*d + 101 = 0. Is s composite?
False
Let f(z) = 480*z**2 - 23*z - 19. Is f(-4) composite?
False
Let r = -8 - -3. Let a(u) = -257*u + 1189 + 78*u - 1173. Is a(r) a prime number?
True
Let n be (-14)/(-35) + 2/(-5). Suppose -w - 59 + 114 = n. Is w prime?
False
Let k = 60534 - 35761. Is k a prime number?
False
Suppose 13 = 3*x - 38. Let h(l) = -l**2 + 23*l + 25. Is h(x) a composite number?
False
Let v(s) = 3*s - 3. Let i be v(2). Suppose -i*q = -5*q + a + 1756, -5*q = a - 4397. Is q a prime number?
False
Let i(q) = -2*q**3 + 24*q - 3. Let z be i(4). Let t = 5 - 10. Is (-3603)/t - 14/z a composite number?
True
Let r(y) = -15*y**3 - 7*y**2 + 6*y - 7. Is r(-8) prime?
True
Suppose -2*h = -4*z - 10, 0 = 5*h - 3*z - z - 25. Suppose 4*r + 0 = 2*t - 2, -h*r + 3 = 3*t. Suppose -g + 71 = -r*g. Is g a composite number?
False
Let m(o) = o**2 + 12*o + 7. Let v be m(-11). Let t(p) = -125*p - 2. Let b be t(v). Suppose -387 - b = -5*k. Is k composite?
True
Suppose g + 2*m + 1 = -0, -3*g + m + 18 = 0. Let a be 210 + g - (2 - -1). Suppose 5*i - 5*x - a = 518, -4*i = -3*x - 581. Is i a composite number?
True
Let t = 39317 + -19146. Is t a composite number?
True
Let t be 17/1*24/(-28)*-287. Suppose -9*b = t - 23073. Is b a prime number?
True
Is (-148734)/(-45)*15/6 prime?
True
Suppose 5*a = r - 6392, -2*r - 6*a + 12760 = -8*a. Is r prime?
False
Is 2/(-6) + (-316160)/(-60) prime?
False
Suppose -3*m = m + 12, -3*m + 83786 = 5*h. Is h composite?
False
Let u = -10 - -13. Suppose 0 = -2*q - 6, 9*q = -4*g + 4*q - u. Suppose 745 = g*s + 2*s. Is s prime?
True
Is (-9)/45*(0 + 1242575/(-5)) prime?
False
Let s be ((-3)/15)/(4/(-10820)). Is 2*s*(10/4)/5 composite?
False
Suppose 0 = o - 52 + 20. Suppose -2*n - 2*n = -o. Let j(l) = 6*l - 10. Is j(n) a prime number?
False
Suppose -112404 = -8*y + 5*y - 5*b, -y - 3*b = -37472. Is y prime?
True
Is 4 - (-45 - -47)/(2/(-747)) prime?
True
Let x(p) = 3*p + 11. Let o be x(-5). Let t be o/5*(-216 - -1). Suppose -2*d - 694 = -3*u - 233, -u + t = 3*d. Is u a prime number?
True
Suppose 0 = 3*m + 5*x - 10, x - 6*x = -m + 10. Suppose 5*y + 5*p + 423 - 6688 = 0, m*y - 4*p - 6229 = 0. Is y a prime number?
True
Let f(a) be the first derivative of 44*a**3 - 7*a**2/2 - 8. Is f(5) a composite number?
True
Suppose 15*u - 15965 = 12*u - j, -5*u + 26611 = j. Is u a composite number?
False
Suppose 0 = 69*a - 62*a - 10913. Is a a composite number?
False
Let v(l) = -l - 2. Let c be v(-5). Let a be (c/9)/((-5)/(-1635)). Suppose 2*q - 395 = -a. Is q prime?
False
Let b = -4797 + 1962. Let j = -941 - b. Is j composite?
True
Let k be -110 - (-3 - -2 - -1). Let p = 519 + k. Is p a composite number?
False
Let f be (-9)/(-1) + (0 - 3). Suppose -f*y = -7*y + 523. Is y prime?
True
Let u(b) = b**3 - 7*b**2 - 5. Let j be u(7). Let l(o) = -2*o**3 - 4*o**2 + 3*o + 7. Let m be l(j). Is 1*(m + 2) - -1 composite?
True
Let a be ((-4323)/(-22))/(2/20). Suppose -6*r = -3*r - a. Is r a prime number?
False
Let p = -143 - -1702. Is p a composite number?
False
Suppose -5*p = 5*m - 25, -4*p + 3*p - 2 = 0. Let d(i) = 21*i**2 + 18*i - 4. Is d(m) a composite number?
False
Let x = 14918 - 955. Is x prime?
True
Let o(a) be the third derivative of a**6/120 + a**4/24 + 2251*a**3/6 + 19*a**2. Is o(0) composite?
False
Let r(q) = q + 8. Let w be r(-4). Suppose 0 = -3*c - c + 60. Let z = c + w. Is z a prime number?
True
Let j be 0 - (7063/4 + (-5)/(-20)). Let z = 2643 + j. Is z prime?
True
Suppose -5 - 1 = -3*p. Let x be 2*(-1 + -2 + (-4235)/(-14)). Suppose -p*c + 5*j + x - 110 = 0, 2*c + 5*j - 499 = 0. Is c prime?
False
Suppose -3*d + 46207 = 2*t, -4*d = -5*t + t + 92424. Is t a prime number?
False
Let b = 1483 + -1037. Is b a composite number?
True
Suppose -6*q = -4*q - 1042. Suppose -w = -2*o + 610, -5*o + 4*w = q - 2046. Suppose 2*k + 5*f - o = 0, k + 420 = 4*k - 5*f. Is k prime?
False
Let s(r) = 41*r**3 - 5*r + 11. Is s(5) a prime number?
False
Suppose -389 = i + 3601. Is (-1)/(-4 - i/998) composite?
False
Let y be 372*((-11)/(-4) - (-6 - -5)). Suppose -f = 2*u - y, 5*f + u = f + 5594. Is f prime?
True
Let u(k) = 108*k - 1. Let c be u(1). Suppose -79 - c = 2*m. Let v = 238 + m. Is v a prime number?
False
Suppose q + 1 = -0*q - i, 0 = 4*i + 4. Suppose q*u - 72 = -2*y - 4*u, -124 = -4*y - 4*u. Is y prime?
False
Suppose -15*g = -16*g - 3*r + 74, -g + 2*r = -89. Is g a prime number?
True
Let x(y) = 48*y**2 - 13*y - 24. Is x(-23) composite?
False
Is 7059 - ((-4)/(-10))/(2/(-10)) prime?
False
Let c(r) = 6870*r - 269. Is c(14) composite?
False
Let z(k) = -226*k + 141. Is z(-28) composite?
False
Let u(a) = -a - 1. Let i(d) = 5*d + 24. Let m(p) = i(p) + 4*u(p). Let f be m(-10). Suppose -4*s = j - 0*j + 4, -f = 5*s. Is j a prime number?
False
Suppose -6*d + 28248 = -214350. Is d a composite number?
False
Let c be (23 - 2)*(-60)/70. Is 4/c + 20830*(-1)/(-18) a composite number?
True
Let s be (1 - -560) + (3 - 0). Let y = s - 358. Is y a prime number?
False
Let y(i) = i**2 + 10*i - 38. Let s be y(-17). Suppose 0 = k - 258 - s. Is k prime?
False
Let p be 6 + -1 + -2 + 0. Suppose -p = l - 7. Is 350/l - 6/12 prime?
False
Suppose 3*n + 3*n = 354. Let u = n - 130. Let q = 160 + u. Is q composite?
False
Let t(v) be the second derivative of -11*v**7/420 + v**6/120 - v**4/24 + 2*v**3/3 - v. Let s(n) b